{"id":26,"date":"2025-11-20T07:51:34","date_gmt":"2025-11-20T07:51:34","guid":{"rendered":"https:\/\/wp4.mystudentblog.com\/?page_id=26"},"modified":"2026-03-26T10:56:49","modified_gmt":"2026-03-26T10:56:49","slug":"restaurations","status":"publish","type":"page","link":"https:\/\/wp4.mystudentblog.com\/?page_id=26","title":{"rendered":"Restaurations"},"content":{"rendered":"\t\t<div data-elementor-type=\"wp-page\" data-elementor-id=\"26\" class=\"elementor elementor-26\">\n\t\t\t\t<div class=\"elementor-element elementor-element-a2dc407 e-flex e-con-boxed e-con e-parent\" data-id=\"a2dc407\" data-element_type=\"container\">\n\t\t\t\t\t<div class=\"e-con-inner\">\n\t\t\t\t<div class=\"elementor-element elementor-element-2559721b elementor-widget elementor-widget-heading\" data-id=\"2559721b\" data-element_type=\"widget\" data-widget_type=\"heading.default\">\n\t\t\t\t\t<h3 class=\"elementor-heading-title elementor-size-default\">Les restaurants<\/h3>\t\t\t\t<\/div>\n\t\t\t\t<div class=\"elementor-element elementor-element-41aa4a01 elementor-widget elementor-widget-text-editor\" data-id=\"41aa4a01\" data-element_type=\"widget\" data-widget_type=\"text-editor.default\">\n\t\t\t\t\t\t\t\t\t<p>D\u00e9couvrez les saveurs uniques de <span class=\"hover:entity-accent entity-underline inline cursor-pointer align-baseline\"><span class=\"whitespace-normal\">Canet-en-Roussillon<\/span><\/span> : entre mer et soleil, ses restaurants vous invitent \u00e0 vivre un moment gourmand inoubliable !<\/p>\t\t\t\t\t\t\t\t<\/div>\n\t\t\t\t\t<\/div>\n\t\t\t\t<\/div>\n\t\t<div class=\"elementor-element elementor-element-314b4d96 e-flex e-con-boxed e-con e-parent\" data-id=\"314b4d96\" data-element_type=\"container\">\n\t\t\t\t\t<div class=\"e-con-inner\">\n\t\t<div class=\"elementor-element elementor-element-2df3377 e-con-full e-flex e-con e-child\" data-id=\"2df3377\" data-element_type=\"container\">\n\t\t<div class=\"elementor-element elementor-element-69fe8485 e-con-full e-flex e-con e-child\" data-id=\"69fe8485\" data-element_type=\"container\">\n\t\t\t\t<div class=\"elementor-element elementor-element-71383e0d elementor-widget elementor-widget-image\" data-id=\"71383e0d\" data-element_type=\"widget\" data-widget_type=\"image.default\">\n\t\t\t\t\t\t\t\t\t\t\t\t\t\t\t<img decoding=\"async\" src=\"https:\/\/restaurant-lasiesta.fr\/wp-content\/uploads\/2022\/10\/arroseria.jpg\" title=\"\" alt=\"\" loading=\"lazy\" \/>\t\t\t\t\t\t\t\t\t\t\t\t\t\t\t<\/div>\n\t\t\t\t<div class=\"elementor-element elementor-element-1bd81664 elementor-widget elementor-widget-image\" data-id=\"1bd81664\" data-element_type=\"widget\" data-widget_type=\"image.default\">\n\t\t\t\t\t\t\t\t\t\t\t\t\t\t\t<img decoding=\"async\" src=\"https:\/\/restaurant-lasiesta.fr\/wp-content\/uploads\/2022\/12\/la-siesta-restaurant-canet-en-roussillon-3.jpeg\" title=\"\" alt=\"\" loading=\"lazy\" \/>\t\t\t\t\t\t\t\t\t\t\t\t\t\t\t<\/div>\n\t\t\t\t<\/div>\n\t\t<div class=\"elementor-element elementor-element-62e3a3fd e-con-full e-flex e-con e-child\" data-id=\"62e3a3fd\" data-element_type=\"container\">\n\t\t\t\t<div class=\"elementor-element elementor-element-87ea376 elementor-widget elementor-widget-image\" data-id=\"87ea376\" data-element_type=\"widget\" data-widget_type=\"image.default\">\n\t\t\t\t\t\t\t\t\t\t\t\t\t\t\t<img decoding=\"async\" src=\"https:\/\/restaurant-lasiesta.fr\/wp-content\/uploads\/2022\/03\/la-siesta-restaurant-canet-en-roussillon.jpg\" title=\"\" alt=\"\" loading=\"lazy\" \/>\t\t\t\t\t\t\t\t\t\t\t\t\t\t\t<\/div>\n\t\t\t\t<div class=\"elementor-element elementor-element-55fa0e5b elementor-widget elementor-widget-image\" data-id=\"55fa0e5b\" data-element_type=\"widget\" data-widget_type=\"image.default\">\n\t\t\t\t\t\t\t\t\t\t\t\t\t\t\t<img decoding=\"async\" src=\"https:\/\/cdt66.media.tourinsoft.eu\/upload\/55939446-2220328024845786-3868607258325680128-o.jpg\" title=\"\" alt=\"\" loading=\"lazy\" \/>\t\t\t\t\t\t\t\t\t\t\t\t\t\t\t<\/div>\n\t\t\t\t<\/div>\n\t\t\t\t<\/div>\n\t\t<div class=\"elementor-element elementor-element-17096570 e-con-full e-flex e-con e-child\" data-id=\"17096570\" data-element_type=\"container\">\n\t\t\t\t<div class=\"elementor-element elementor-element-29f793be elementor-widget elementor-widget-heading\" data-id=\"29f793be\" data-element_type=\"widget\" data-widget_type=\"heading.default\">\n\t\t\t\t\t<h3 class=\"elementor-heading-title elementor-size-default\">La Siesta<\/h3>\t\t\t\t<\/div>\n\t\t\t\t<div class=\"elementor-element elementor-element-a3577b6 elementor-widget elementor-widget-text-editor\" data-id=\"a3577b6\" data-element_type=\"widget\" data-widget_type=\"text-editor.default\">\n\t\t\t\t\t\t\t\t\t<p class=\"cvGsUA direction-ltr align-center para-style-body\" style=\"font-style: normal; color: #3569af; caret-color: #3569af; font-family: YAD1aU3sLnI_0, _fb_, auto; line-height: 24px;\"><span class=\"a_GcMg font-feature-liga-off font-feature-clig-off font-feature-calt-off text-decoration-none text-strikethrough-none\" style=\"--ys-xuq: none; font-kerning: normal;\">Face \u00e0 la mer et \u00e0 deux pas de la place M\u00e9diterran\u00e9e, la Siesta vous embarque dans une ambiance Xiringuito. Les diff\u00e9rents bois, les banquettes color\u00e9es, les coussins en toile de jute, un verre \u00e0 la main, et vous \u00eates presque les pieds dans l\u2019eau dans votre restaurant \u00e0 Canet en Roussillon. <\/span><\/p><p class=\"cvGsUA direction-ltr align-center para-style-body\" style=\"font-style: normal; color: #3569af; caret-color: #3569af; font-family: YAD1aU3sLnI_0, _fb_, auto; line-height: 24px;\"><span class=\"a_GcMg font-feature-liga-off font-feature-clig-off font-feature-calt-off text-decoration-none text-strikethrough-none\" style=\"--ys-xuq: none; font-kerning: normal;\">J\u00e9r\u00f4me Mele aux commandes, vous re\u00e7oit avec toute son \u00e9quipe dans son bel univers. Ici les produits sont frais et locaux bien \u00e9videmment !<\/span><\/p><p class=\"cvGsUA direction-ltr align-center para-style-body\" style=\"font-style: normal; color: #3569af; caret-color: #3569af; font-family: YAD1aU3sLnI_0, _fb_, auto; line-height: 24px;\"><span class=\"a_GcMg font-feature-liga-off font-feature-clig-off font-feature-calt-off text-decoration-none text-strikethrough-none\" style=\"--ys-xuq: none; font-kerning: normal;\">La sp\u00e9cialit\u00e9 ? Les arros !<\/span><\/p><p class=\"cvGsUA direction-ltr align-center para-style-body\" style=\"font-style: normal; color: #3569af; caret-color: #3569af; font-family: YAD1aU3sLnI_0, _fb_, auto; line-height: 24px;\"><span class=\"a_GcMg font-feature-liga-off font-feature-clig-off font-feature-calt-off text-decoration-none text-strikethrough-none\" style=\"--ys-xuq: none; font-kerning: normal;\">Cette sp\u00e9cialit\u00e9 catalane \u00e0 base de riz servie dans votre restaurant La Siesta est un plat typiquement m\u00e9diterran\u00e9en. D\u00e9couvrez ce riz savoureux cuit avec du poisson, des crustac\u00e9s ou de la viande pour r\u00e9pondre \u00e0 tous les go\u00fbts. Voyagez \u00e0 travers la catalogne en d\u00e9gustant confortablement un arros de La Siesta !<\/span><\/p>\t\t\t\t\t\t\t\t<\/div>\n\t\t\t\t<div class=\"elementor-element elementor-element-5adb9073 elementor-mobile-align-center elementor-invisible elementor-widget elementor-widget-button\" data-id=\"5adb9073\" data-element_type=\"widget\" data-settings=\"{&quot;_animation&quot;:&quot;fadeInDown&quot;}\" data-widget_type=\"button.default\">\n\t\t\t\t\t\t\t\t\t\t<a class=\"elementor-button elementor-button-link elementor-size-sm\" href=\"#04%2068%2067%2053%2075\">\n\t\t\t\t\t\t<span class=\"elementor-button-content-wrapper\">\n\t\t\t\t\t\t\t\t\t<span class=\"elementor-button-text\">04 68 67 53 75<\/span>\n\t\t\t\t\t<\/span>\n\t\t\t\t\t<\/a>\n\t\t\t\t\t\t\t\t<\/div>\n\t\t\t\t<\/div>\n\t\t\t\t\t<\/div>\n\t\t\t\t<\/div>\n\t\t<footer class=\"elementor-element elementor-element-700c36c0 e-con-full e-flex e-con e-parent\" data-id=\"700c36c0\" data-element_type=\"container\">\n\t\t<div class=\"elementor-element elementor-element-18ac6f24 e-con-full e-flex e-con e-child\" data-id=\"18ac6f24\" data-element_type=\"container\">\n\t\t\t\t<div class=\"elementor-element elementor-element-5f770435 elementor-widget elementor-widget-image\" data-id=\"5f770435\" data-element_type=\"widget\" data-widget_type=\"image.default\">\n\t\t\t\t\t\t\t\t\t\t\t\t\t\t\t<img fetchpriority=\"high\" decoding=\"async\" width=\"500\" height=\"312\" src=\"https:\/\/wp4.mystudentblog.com\/wp-content\/uploads\/2026\/03\/cropped-Logo-VIVACTIV-148x92.png\" class=\"attachment-full size-full wp-image-300\" alt=\"\" srcset=\"https:\/\/wp4.mystudentblog.com\/wp-content\/uploads\/2026\/03\/cropped-Logo-VIVACTIV.png 500w, https:\/\/wp4.mystudentblog.com\/wp-content\/uploads\/2026\/03\/cropped-Logo-VIVACTIV-300x187.png 300w, https:\/\/wp4.mystudentblog.com\/wp-content\/uploads\/2026\/03\/cropped-Logo-VIVACTIV-148x92.png 148w\" sizes=\"(max-width: 500px) 100vw, 500px\" \/>\t\t\t\t\t\t\t\t\t\t\t\t\t\t\t<\/div>\n\t\t\t\t<\/div>\n\t\t<div class=\"elementor-element elementor-element-285c30c3 e-con-full e-flex e-con e-child\" data-id=\"285c30c3\" data-element_type=\"container\">\n\t\t\t\t<div class=\"elementor-element elementor-element-60fbf6a3 elementor-icon-list--layout-inline elementor-tablet-align-center elementor-align-center elementor-list-item-link-full_width elementor-widget elementor-widget-icon-list\" data-id=\"60fbf6a3\" data-element_type=\"widget\" data-widget_type=\"icon-list.default\">\n\t\t\t\t\t\t\t<ul class=\"elementor-icon-list-items elementor-inline-items\">\n\t\t\t\t\t\t\t<li class=\"elementor-icon-list-item elementor-inline-item\">\n\t\t\t\t\t\t\t\t\t\t<span class=\"elementor-icon-list-text\">(+33) 4 68 73 27 79<\/span>\n\t\t\t\t\t\t\t\t\t<\/li>\n\t\t\t\t\t\t\t\t<li class=\"elementor-icon-list-item elementor-inline-item\">\n\t\t\t\t\t\t\t\t\t\t<span class=\"elementor-icon-list-text\">reservation@ampao.fr<\/span>\n\t\t\t\t\t\t\t\t\t<\/li>\n\t\t\t\t\t\t\t\t<li class=\"elementor-icon-list-item elementor-inline-item\">\n\t\t\t\t\t\t\t\t\t\t<span class=\"elementor-icon-list-text\">Lun-Dim 9:00h - 18:00h<\/span>\n\t\t\t\t\t\t\t\t\t<\/li>\n\t\t\t\t\t\t<\/ul>\n\t\t\t\t\t\t<\/div>\n\t\t\t\t<\/div>\n\t\t<div class=\"elementor-element elementor-element-50d4acc4 e-con-full e-flex e-con e-child\" data-id=\"50d4acc4\" data-element_type=\"container\">\n\t\t\t\t<div class=\"elementor-element elementor-element-2245a3ab e-grid-align-right e-grid-align-tablet-right e-grid-align-mobile-center elementor-widget-mobile__width-inherit elementor-shape-rounded elementor-grid-0 elementor-widget elementor-widget-social-icons\" data-id=\"2245a3ab\" data-element_type=\"widget\" data-widget_type=\"social-icons.default\">\n\t\t\t\t\t\t\t<div class=\"elementor-social-icons-wrapper elementor-grid\" role=\"list\">\n\t\t\t\t\t\t\t<span class=\"elementor-grid-item\" role=\"listitem\">\n\t\t\t\t\t<a class=\"elementor-icon elementor-social-icon elementor-social-icon-instagram elementor-repeater-item-828f132\" target=\"_blank\">\n\t\t\t\t\t\t<span class=\"elementor-screen-only\">Instagram<\/span>\n\t\t\t\t\t\t<svg aria-hidden=\"true\" class=\"e-font-icon-svg e-fab-instagram\" viewBox=\"0 0 448 512\" xmlns=\"http:\/\/www.w3.org\/2000\/svg\"><path d=\"M224.1 141c-63.6 0-114.9 51.3-114.9 114.9s51.3 114.9 114.9 114.9S339 319.5 339 255.9 287.7 141 224.1 141zm0 189.6c-41.1 0-74.7-33.5-74.7-74.7s33.5-74.7 74.7-74.7 74.7 33.5 74.7 74.7-33.6 74.7-74.7 74.7zm146.4-194.3c0 14.9-12 26.8-26.8 26.8-14.9 0-26.8-12-26.8-26.8s12-26.8 26.8-26.8 26.8 12 26.8 26.8zm76.1 27.2c-1.7-35.9-9.9-67.7-36.2-93.9-26.2-26.2-58-34.4-93.9-36.2-37-2.1-147.9-2.1-184.9 0-35.8 1.7-67.6 9.9-93.9 36.1s-34.4 58-36.2 93.9c-2.1 37-2.1 147.9 0 184.9 1.7 35.9 9.9 67.7 36.2 93.9s58 34.4 93.9 36.2c37 2.1 147.9 2.1 184.9 0 35.9-1.7 67.7-9.9 93.9-36.2 26.2-26.2 34.4-58 36.2-93.9 2.1-37 2.1-147.8 0-184.8zM398.8 388c-7.8 19.6-22.9 34.7-42.6 42.6-29.5 11.7-99.5 9-132.1 9s-102.7 2.6-132.1-9c-19.6-7.8-34.7-22.9-42.6-42.6-11.7-29.5-9-99.5-9-132.1s-2.6-102.7 9-132.1c7.8-19.6 22.9-34.7 42.6-42.6 29.5-11.7 99.5-9 132.1-9s102.7-2.6 132.1 9c19.6 7.8 34.7 22.9 42.6 42.6 11.7 29.5 9 99.5 9 132.1s2.7 102.7-9 132.1z\"><\/path><\/svg>\t\t\t\t\t<\/a>\n\t\t\t\t<\/span>\n\t\t\t\t\t\t\t<span class=\"elementor-grid-item\" role=\"listitem\">\n\t\t\t\t\t<a class=\"elementor-icon elementor-social-icon elementor-social-icon-facebook elementor-repeater-item-5acc32a\" target=\"_blank\">\n\t\t\t\t\t\t<span class=\"elementor-screen-only\">Facebook<\/span>\n\t\t\t\t\t\t<svg aria-hidden=\"true\" class=\"e-font-icon-svg e-fab-facebook\" viewBox=\"0 0 512 512\" xmlns=\"http:\/\/www.w3.org\/2000\/svg\"><path d=\"M504 256C504 119 393 8 256 8S8 119 8 256c0 123.78 90.69 226.38 209.25 245V327.69h-63V256h63v-54.64c0-62.15 37-96.48 93.67-96.48 27.14 0 55.52 4.84 55.52 4.84v61h-31.28c-30.8 0-40.41 19.12-40.41 38.73V256h68.78l-11 71.69h-57.78V501C413.31 482.38 504 379.78 504 256z\"><\/path><\/svg>\t\t\t\t\t<\/a>\n\t\t\t\t<\/span>\n\t\t\t\t\t<\/div>\n\t\t\t\t\t\t<\/div>\n\t\t\t\t<\/div>\n\t\t\t\t<\/footer>\n\t\t\t\t<\/div>\n\t\t","protected":false},"excerpt":{"rendered":"<p>Les restaurants D\u00e9couvrez les saveurs uniques de Canet-en-Roussillon : entre mer et soleil, ses restaurants vous invitent \u00e0 vivre un [&hellip;]<\/p>\n","protected":false},"author":2,"featured_media":0,"parent":0,"menu_order":0,"comment_status":"closed","ping_status":"closed","template":"","meta":{"site-sidebar-layout":"no-sidebar","site-content-layout":"","ast-site-content-layout":"full-width-container","site-content-style":"default","site-sidebar-style":"default","ast-global-header-display":"","ast-banner-title-visibility":"","ast-main-header-display":"","ast-hfb-above-header-display":"","ast-hfb-below-header-display":"","ast-hfb-mobile-header-display":"","site-post-title":"disabled","ast-breadcrumbs-content":"","ast-featured-img":"disabled","footer-sml-layout":"","theme-transparent-header-meta":"","adv-header-id-meta":"","stick-header-meta":"","header-above-stick-meta":"","header-main-stick-meta":"","header-below-stick-meta":"","astra-migrate-meta-layouts":"default","ast-page-background-enabled":"default","ast-page-background-meta":{"desktop":{"background-color":"var(--ast-global-color-5)","background-image":"","background-repeat":"repeat","background-position":"center center","background-size":"auto","background-attachment":"scroll","background-type":"","background-media":"","overlay-type":"","overlay-color":"","overlay-opacity":"","overlay-gradient":""},"tablet":{"background-color":"","background-image":"","background-repeat":"repeat","background-position":"center center","background-size":"auto","background-attachment":"scroll","background-type":"","background-media":"","overlay-type":"","overlay-color":"","overlay-opacity":"","overlay-gradient":""},"mobile":{"background-color":"","background-image":"","background-repeat":"repeat","background-position":"center center","background-size":"auto","background-attachment":"scroll","background-type":"","background-media":"","overlay-type":"","overlay-color":"","overlay-opacity":"","overlay-gradient":""}},"ast-content-background-meta":{"desktop":{"background-color":"var(--ast-global-color-4)","background-image":"","background-repeat":"repeat","background-position":"center center","background-size":"auto","background-attachment":"scroll","background-type":"","background-media":"","overlay-type":"","overlay-color":"","overlay-opacity":"","overlay-gradient":""},"tablet":{"background-color":"var(--ast-global-color-4)","background-image":"","background-repeat":"repeat","background-position":"center center","background-size":"auto","background-attachment":"scroll","background-type":"","background-media":"","overlay-type":"","overlay-color":"","overlay-opacity":"","overlay-gradient":""},"mobile":{"background-color":"var(--ast-global-color-4)","background-image":"","background-repeat":"repeat","background-position":"center center","background-size":"auto","background-attachment":"scroll","background-type":"","background-media":"","overlay-type":"","overlay-color":"","overlay-opacity":"","overlay-gradient":""}},"footnotes":""},"class_list":["post-26","page","type-page","status-publish","hentry"],"_links":{"self":[{"href":"https:\/\/wp4.mystudentblog.com\/index.php?rest_route=\/wp\/v2\/pages\/26","targetHints":{"allow":["GET"]}}],"collection":[{"href":"https:\/\/wp4.mystudentblog.com\/index.php?rest_route=\/wp\/v2\/pages"}],"about":[{"href":"https:\/\/wp4.mystudentblog.com\/index.php?rest_route=\/wp\/v2\/types\/page"}],"author":[{"embeddable":true,"href":"https:\/\/wp4.mystudentblog.com\/index.php?rest_route=\/wp\/v2\/users\/2"}],"replies":[{"embeddable":true,"href":"https:\/\/wp4.mystudentblog.com\/index.php?rest_route=%2Fwp%2Fv2%2Fcomments&post=26"}],"version-history":[{"count":14,"href":"https:\/\/wp4.mystudentblog.com\/index.php?rest_route=\/wp\/v2\/pages\/26\/revisions"}],"predecessor-version":[{"id":333,"href":"https:\/\/wp4.mystudentblog.com\/index.php?rest_route=\/wp\/v2\/pages\/26\/revisions\/333"}],"wp:attachment":[{"href":"https:\/\/wp4.mystudentblog.com\/index.php?rest_route=%2Fwp%2Fv2%2Fmedia&parent=26"}],"curies":[{"name":"wp","href":"https:\/\/api.w.org\/{rel}","templated":true}]}}